t p be n(-30). Suppose j = 2*j - 8. What is the greatest common divisor of p and j?
4
Suppose -u + 3 + 1 = 0. Suppose 0 = -5*j - 5*k, -u*j + 1 = 3*k - 3. Let i be 2/3*(11 + 4). Calculate the greatest common factor of i and j.
2
Let d be 15*(38/(-10) - -1). Let c = d - -75. Let l = 44 + -22. Calculate the highest common factor of l and c.
11
Let g be (-1)/3 + (-7)/(-3). Suppose 2*r - 2 = 4*s, 2*r - 25 = -g*r + s. What is the highest common divisor of 49 and r?
7
Let n(j) = j**2 + 9*j - 7. Let g be n(-14). Calculate the greatest common divisor of g and 7.
7
Suppose -9*m + 85 = -4*m. Let l be (0/1)/(2 + -1). Suppose l = -2*g + 205 + 101. What is the highest common factor of m and g?
17
Suppose 4*f - 3*y = -31 - 28, -5*f = -y + 71. Let d = f + 25. What is the greatest common divisor of 44 and d?
11
Let g(c) = -21*c - 21. Let r be g(-7). Calculate the greatest common divisor of r and 21.
21
Let d = 44 + -22. Calculate the greatest common factor of d and 11.
11
Suppose -10 = -f + 2. Calculate the highest common divisor of 36 and f.
12
Let p = -12 + 10. Let c(f) = f + 10. Let m be c(8). Let r be 5 + p + (m - -1). What is the highest common factor of 2 and r?
2
Suppose -188 = 2*k + 5*x, 4*k = -x + 3*x - 400. Let z be ((-30)/9 + 2)*k. Calculate the highest common factor of z and 12.
12
Let a be (24/(-10))/((-9)/30). Suppose 2 = -2*p + a. Calculate the greatest common divisor of p and 33.
3
Suppose 12 = -4*i, -8 = -2*l + 2*i - 4. Let s be -4 - -6 - l*1. Calculate the highest common divisor of s and 12.
3
Let i(d) = d**2 - 10*d - 9. Let t be i(12). Calculate the greatest common factor of t and 10.
5
Let k be (-3 + 0)*(-2)/6. Let f = 17 + -32. Let h = f - -20. What is the highest common divisor of k and h?
1
Let z = 95 + -86. What is the highest common factor of 1 and z?
1
Let u(m) = m**2 + 2*m + 6. Let s be u(-3). Calculate the greatest common divisor of 6 and s.
3
Suppose 0 = 6*c - 13*c + 945. What is the highest common divisor of 45 and c?
45
Suppose c - y = 1, -5*y - 3 = c - 5*c. Suppose -c*u + 21 = -u. Let i be ((-10)/(-15))/(2/u). What is the highest common factor of 35 and i?
7
Let m(f) = -f**3 + 4*f**2 + f + 1. Let c be m(5). Let l = c + 41. Let s(a) = -6*a - 1. Let k be s(-2). Calculate the greatest common divisor of k and l.
11
Let j(s) = -s**2 + 12*s + 5. Let l be j(9). Let v be l - (-2 + 1 + 3). Calculate the highest common divisor of v and 15.
15
Let u(b) = 1 - 10 + 8*b**2 - b - b**3 + 3*b. Let k be u(8). Suppose -k*a + 12 = -3*a. Calculate the greatest common factor of a and 6.
3
Suppose -36 = -0*x - 2*x. Let i = 2 + -2. Suppose 13 = 5*a + 3*z, -5*a + 2*z = -i*a - 8. What is the greatest common divisor of a and x?
2
Suppose 3*x - 205 = -37. Calculate the highest common factor of x and 7.
7
Let u(n) = n**3 + 3*n**2 + n. Let o be u(-1). Suppose -r - o = -5. What is the greatest common divisor of 8 and r?
4
Let f be ((-1)/2)/(1 + (-104)/96). Calculate the greatest common factor of 24 and f.
6
Suppose 403 = 3*k + 2*s, 4*s = 5*k + 6*s - 673. Calculate the greatest common factor of 15 and k.
15
Suppose 21*b = 23*b - 32. Calculate the greatest common divisor of 2 and b.
2
Suppose 5*l - 4*c + 1 = 0, 4*l - 2*c - 20 = -4*c. Let q be 29 - (2 - (l - 0)). Suppose 33 = b - 42. What is the highest common divisor of q and b?
15
Let k be ((-6)/(-4))/((-24)/(-32)). Let p be (-1)/(-2) - (-7)/k. What is the greatest common factor of p and 20?
4
Let f = 7 + 2. Suppose 96*s - 864 = 64*s. What is the highest common factor of s and f?
9
Suppose 4725 = 4*v + 1157. Let w = -636 + v. What is the highest common divisor of 32 and w?
32
Let t(g) = g**3 + 7*g**2 - 5*g - 5. Let c be t(-7). Let j(f) = -10*f + 170. Let u be j(8). What is the greatest common divisor of c and u?
30
Let t(w) = -w - 4. Let d be t(-4). Suppose d = 5*z - 10. What is the greatest common factor of z and 10?
2
Let l be ((-2)/(-3))/(1/84). Suppose -72 = -2*c - 2*i, 4*i - l + 11 = -c. Suppose -9 = 3*q - 6*q. Calculate the highest common divisor of c and q.
3
Let d = -25 - -25. Suppose 2*c + 0*c - 108 = d. What is the greatest common factor of 36 and c?
18
Let m(s) = 6*s. Let d be m(1). What is the highest common divisor of d and 2?
2
Let u be (4 - 1)*8/12. Calculate the greatest common divisor of u and 1.
1
Let d(h) = -h + 42. Let k be d(0). Suppose -3*z = -15 - 48. Calculate the greatest common factor of z and k.
21
Suppose -4*d = -5*i + 48, -5*i + d - 20 + 77 = 0. What is the greatest common factor of i and 90?
6
Let f be (27/2)/(3/4). Let l = 142 - -56. Calculate the highest common factor of l and f.
18
Let f be (-1)/(-2) - 376/(-16). Suppose -5*a = 0, -3*b = -0*b - 2*a - 42. Let o = -8 + b. Calculate the greatest common factor of f and o.
6
Suppose t = 3*t - 2*o - 162, 4*o = -3*t + 264. What is the highest common factor of 12 and t?
12
Let z(g) = -g**2 - 4*g + 4. Let d(q) = q. Let c(r) = -4*d(r) + z(r). Let o be c(-8). Suppose o = k - 8. What is the highest common divisor of 3 and k?
3
Suppose 0*i + 12 = 3*i. Let z be (-12)/3 - -2*4. What is the greatest common divisor of z and i?
4
Let q = -90 - -104. What is the greatest common factor of q and 266?
14
Let m = 0 - -3. Let r be (4 - m)/((-1)/3). Let u be (7/(-4))/(r/12). What is the greatest common factor of 21 and u?
7
Let z be 6/4*8/(-12). Let n be 4 + z + -6 + 9. What is the greatest common factor of 2 and n?
2
Suppose -5*a - 17 = -4*a. Let d = 13 - a. Calculate the highest common divisor of 12 and d.
6
Let o(f) = -f**2 + 3*f - 1. Let n be o(2). Let q be -1*(n - 3) - -9. Suppose l + l - 22 = 0. Calculate the highest common divisor of q and l.
11
Suppose 2*r - 4*a = 12, 5*r + 3*a = -a + 16. Suppose -45 = -r*y + 35. Let b be 222 + 1/(-1) + -1. Calculate the greatest common factor of y and b.
20
Let p(h) = -4*h**3 - 4*h**2 + 12*h - 4. Let u be p(-5). Calculate the greatest common factor of u and 42.
42
Let x(t) = -2*t**3 + t**2 + 2*t - 1. Let k be x(2). Let g be 1/(-3) - 30/k. What is the highest common divisor of g and 9?
3
Suppose 6 = -2*k - 8. Let m(w) = -w**2 - 10*w - 10. Let a be m(k). Calculate the greatest common divisor of a and 66.
11
Suppose 184 = -2*u + 10*u. Calculate the greatest common factor of 253 and u.
23
Let f = -546 + 572. Let s be ((-2)/(-4))/((-2)/(-104)). What is the highest common divisor of f and s?
26
Let h(v) = -49*v. Let c be h(4). Let m be 36/14*c/(-21). Calculate the greatest common factor of m and 36.
12
Suppose -456 = -5*b + 9. Calculate the highest common divisor of 62 and b.
31
Let m(h) be the first derivative of h**4/4 + 4*h**3 + 11*h**2/2 + 5*h + 3. Let x be m(-11). What is the greatest common factor of 1 and x?
1
Let v(f) = 11*f - 1. Suppose -c = 3 - 4. Let r be v(c). What is the highest common divisor of r and 40?
10
Let s be (-6)/(-14) - (-990)/42. What is the greatest common divisor of 6 and s?
6
Let c(j) = -j**2 - 15*j - 1. Let s be (-3)/(-5) + (-114)/15. Let l be c(s). Calculate the greatest common factor of l and 11.
11
Let h be (-1)/(-4 + -1 + 4). Calculate the greatest common divisor of 4 and h.
1
Suppose -u + x - 2*x = 17, 5*x + 57 = -3*u. Let j = -6 - u. What is the highest common factor of j and 72?
8
Suppose 0*l + 98 = -2*l. Let h = l + 76. Calculate the highest common factor of 9 and h.
9
Let t be (165 - -6) + (2 - -2). Calculate the greatest common divisor of t and 35.
35
Suppose a = 2*a - 13. What is the highest common divisor of 117 and a?
13
Suppose 36 = 4*u - 0*u. Suppose 2*d - 3*d + 36 = 0. What is the highest common factor of d and u?
9
Let k be 26/7 - (-8)/28. Let t be (-1)/(0 - (k - 3)). What is the highest common factor of 7 and t?
1
Let y be (1/(-2))/((3/(-108))/1). What is the highest common divisor of y and 198?
18
Let m(t) = t**2 + 7*t + 8. Let j be m(-6). Suppose -5*g - j + 57 = 0. What is the greatest common divisor of 22 and g?
11
Let y be 1 + 13 - 4/(-2). Let k be (-4)/y - 33/(-4). Calculate the highest common factor of 24 and k.
8
Let l be 5/((-50)/(-65))*54. What is the greatest common factor of l and 39?
39
Suppose 4*p + 0*p = 132. Suppose -5*u - h - 127 = 36, 2*u - 2*h = -70. Let t be -2*u/6*2. What is the highest common factor of p and t?
11
Suppose 5*v - 4 = -24. Let o be v/14 + 165/(-35). Let w = 0 - o. Calculate the greatest common factor of w and 25.
5
Suppose -5*p = 